{"id":893,"date":"2025-08-28T08:47:23","date_gmt":"2025-08-28T06:47:23","guid":{"rendered":"https:\/\/mboudry.fr\/ASAIME\/?page_id=885"},"modified":"2025-08-28T08:47:23","modified_gmt":"2025-08-28T06:47:23","slug":"partenaires","status":"publish","type":"page","link":"https:\/\/avecsoimaime71.com\/secu03\/lequipe\/partenaires\/","title":{"rendered":"Partenaires"},"content":{"rendered":"\t\t<div data-elementor-type=\"wp-page\" data-elementor-id=\"893\" class=\"elementor elementor-893\">\n\t\t\t\t<div class=\"elementor-element elementor-element-3c0da9c e-flex e-con-boxed e-con e-parent\" data-id=\"3c0da9c\" data-element_type=\"container\" data-e-type=\"container\">\n\t\t\t\t\t<div class=\"e-con-inner\">\n\t\t<div class=\"elementor-element elementor-element-ead8c85 e-con-full e-flex e-con e-child\" data-id=\"ead8c85\" data-element_type=\"container\" data-e-type=\"container\">\n\t\t\t\t<div class=\"elementor-element elementor-element-5ed8242 elementor-widget elementor-widget-spacer\" data-id=\"5ed8242\" data-element_type=\"widget\" data-e-type=\"widget\" data-widget_type=\"spacer.default\">\n\t\t\t\t\t\t\t<div class=\"elementor-spacer\">\n\t\t\t<div class=\"elementor-spacer-inner\"><\/div>\n\t\t<\/div>\n\t\t\t\t\t\t<\/div>\n\t\t\t\t<div class=\"elementor-element elementor-element-c3b465b elementor-widget elementor-widget-heading\" data-id=\"c3b465b\" data-element_type=\"widget\" data-e-type=\"widget\" data-widget_type=\"heading.default\">\n\t\t\t\t\t<h2 class=\"elementor-heading-title elementor-size-default\">Nos soutiens<\/h2>\t\t\t\t<\/div>\n\t\t\t\t<div class=\"elementor-element elementor-element-bb90c50 elementor-widget elementor-widget-spacer\" data-id=\"bb90c50\" data-element_type=\"widget\" data-e-type=\"widget\" data-widget_type=\"spacer.default\">\n\t\t\t\t\t\t\t<div class=\"elementor-spacer\">\n\t\t\t<div class=\"elementor-spacer-inner\"><\/div>\n\t\t<\/div>\n\t\t\t\t\t\t<\/div>\n\t\t<div class=\"elementor-element elementor-element-1410b18 e-con-full e-flex e-con e-child\" data-id=\"1410b18\" data-element_type=\"container\" data-e-type=\"container\" data-settings=\"{&quot;background_background&quot;:&quot;classic&quot;}\">\n\t\t<div class=\"elementor-element elementor-element-fa8a37e e-con-full e-flex e-con e-child\" data-id=\"fa8a37e\" data-element_type=\"container\" data-e-type=\"container\">\n\t\t<div class=\"elementor-element elementor-element-99ec76b e-con-full e-flex e-con e-child\" data-id=\"99ec76b\" data-element_type=\"container\" data-e-type=\"container\" data-settings=\"{&quot;background_background&quot;:&quot;classic&quot;}\">\n\t\t<div class=\"elementor-element elementor-element-93e5027 e-con-full e-flex e-con e-child\" data-id=\"93e5027\" data-element_type=\"container\" data-e-type=\"container\">\n\t\t\t\t<div class=\"elementor-element elementor-element-63b8b94 elementor-widget elementor-widget-image\" data-id=\"63b8b94\" data-element_type=\"widget\" data-e-type=\"widget\" data-widget_type=\"image.default\">\n\t\t\t\t\t\t\t\t\t\t\t\t\t\t\t\t<a href=\"https:\/\/www.fondation-macif.org\/\">\n\t\t\t\t\t\t\t<img fetchpriority=\"high\" decoding=\"async\" width=\"1024\" height=\"1006\" src=\"https:\/\/avecsoimaime71.com\/secu03\/wp-content\/uploads\/2025\/09\/macif-logo-1024x1006.png\" class=\"attachment-large size-large wp-image-1138\" alt=\"\" srcset=\"https:\/\/avecsoimaime71.com\/secu03\/wp-content\/uploads\/2025\/09\/macif-logo-1024x1006.png 1024w, https:\/\/avecsoimaime71.com\/secu03\/wp-content\/uploads\/2025\/09\/macif-logo-300x295.png 300w, https:\/\/avecsoimaime71.com\/secu03\/wp-content\/uploads\/2025\/09\/macif-logo-768x755.png 768w, https:\/\/avecsoimaime71.com\/secu03\/wp-content\/uploads\/2025\/09\/macif-logo.png 1200w\" sizes=\"(max-width: 1024px) 100vw, 1024px\" \/>\t\t\t\t\t\t\t\t<\/a>\n\t\t\t\t\t\t\t\t\t\t\t\t\t\t\t<\/div>\n\t\t\t\t<div class=\"elementor-element elementor-element-99ccc6f elementor-widget elementor-widget-heading\" data-id=\"99ccc6f\" data-element_type=\"widget\" data-e-type=\"widget\" data-widget_type=\"heading.default\">\n\t\t\t\t\t<h6 class=\"elementor-heading-title elementor-size-default\"><a href=\"https:\/\/www.fondation-macif.org\/\">Fondation<br>MACIF<\/a><\/h6>\t\t\t\t<\/div>\n\t\t\t\t<\/div>\n\t\t\t\t<\/div>\n\t\t\t\t<\/div>\n\t\t<div class=\"elementor-element elementor-element-568ad21 e-con-full e-flex e-con e-child\" data-id=\"568ad21\" data-element_type=\"container\" data-e-type=\"container\">\n\t\t<div class=\"elementor-element elementor-element-23d3852 e-con-full e-flex e-con e-child\" data-id=\"23d3852\" data-element_type=\"container\" data-e-type=\"container\" data-settings=\"{&quot;background_background&quot;:&quot;classic&quot;}\">\n\t\t<div class=\"elementor-element elementor-element-7c1eced e-con-full e-flex e-con e-child\" data-id=\"7c1eced\" data-element_type=\"container\" data-e-type=\"container\">\n\t\t\t\t<div class=\"elementor-element elementor-element-ba3b750 elementor-widget elementor-widget-image\" data-id=\"ba3b750\" data-element_type=\"widget\" data-e-type=\"widget\" data-widget_type=\"image.default\">\n\t\t\t\t\t\t\t\t\t\t\t\t\t\t\t\t<a href=\"https:\/\/lecompteasso.associations.gouv.fr\/le-fonds-de-developpement-de-la-vie-associative-fdva\/\">\n\t\t\t\t\t\t\t<img decoding=\"async\" width=\"754\" height=\"512\" src=\"https:\/\/avecsoimaime71.com\/secu03\/wp-content\/uploads\/2025\/09\/cropped-FDVA-logo.png\" class=\"attachment-large size-large wp-image-1140\" alt=\"\" srcset=\"https:\/\/avecsoimaime71.com\/secu03\/wp-content\/uploads\/2025\/09\/cropped-FDVA-logo.png 754w, https:\/\/avecsoimaime71.com\/secu03\/wp-content\/uploads\/2025\/09\/cropped-FDVA-logo-300x204.png 300w\" sizes=\"(max-width: 754px) 100vw, 754px\" \/>\t\t\t\t\t\t\t\t<\/a>\n\t\t\t\t\t\t\t\t\t\t\t\t\t\t\t<\/div>\n\t\t\t\t<div class=\"elementor-element elementor-element-ca6b867 elementor-widget elementor-widget-heading\" data-id=\"ca6b867\" data-element_type=\"widget\" data-e-type=\"widget\" data-widget_type=\"heading.default\">\n\t\t\t\t\t<h6 class=\"elementor-heading-title elementor-size-default\"><a href=\"https:\/\/lecompteasso.associations.gouv.fr\/le-fonds-de-developpement-de-la-vie-associative-fdva\/\">Fonds de d\u00e9veloppement<br>de la vie associative<\/a><\/h6>\t\t\t\t<\/div>\n\t\t\t\t<\/div>\n\t\t\t\t<\/div>\n\t\t\t\t<\/div>\n\t\t<div class=\"elementor-element elementor-element-b49166e e-con-full e-flex e-con e-child\" data-id=\"b49166e\" data-element_type=\"container\" data-e-type=\"container\">\n\t\t<div class=\"elementor-element elementor-element-21207c2 e-con-full e-flex e-con e-child\" data-id=\"21207c2\" data-element_type=\"container\" data-e-type=\"container\" data-settings=\"{&quot;background_background&quot;:&quot;classic&quot;}\">\n\t\t<div class=\"elementor-element elementor-element-f6dbf47 e-con-full e-flex e-con e-child\" data-id=\"f6dbf47\" data-element_type=\"container\" data-e-type=\"container\">\n\t\t\t\t<div class=\"elementor-element elementor-element-c633712 elementor-widget elementor-widget-image\" data-id=\"c633712\" data-element_type=\"widget\" data-e-type=\"widget\" data-widget_type=\"image.default\">\n\t\t\t\t\t\t\t\t\t\t\t\t\t\t\t\t<a href=\"https:\/\/www.macon.fr\/\">\n\t\t\t\t\t\t\t<img decoding=\"async\" width=\"428\" height=\"386\" src=\"https:\/\/avecsoimaime71.com\/secu03\/wp-content\/uploads\/2025\/09\/ville-de-macon-logo.png\" class=\"attachment-large size-large wp-image-1131\" alt=\"\" srcset=\"https:\/\/avecsoimaime71.com\/secu03\/wp-content\/uploads\/2025\/09\/ville-de-macon-logo.png 428w, https:\/\/avecsoimaime71.com\/secu03\/wp-content\/uploads\/2025\/09\/ville-de-macon-logo-300x271.png 300w\" sizes=\"(max-width: 428px) 100vw, 428px\" \/>\t\t\t\t\t\t\t\t<\/a>\n\t\t\t\t\t\t\t\t\t\t\t\t\t\t\t<\/div>\n\t\t\t\t<div class=\"elementor-element elementor-element-126c18f elementor-widget elementor-widget-heading\" data-id=\"126c18f\" data-element_type=\"widget\" data-e-type=\"widget\" data-widget_type=\"heading.default\">\n\t\t\t\t\t<h6 class=\"elementor-heading-title elementor-size-default\"><a href=\"https:\/\/www.macon.fr\/\">Ville de<br>M\u00c2CON<\/a><\/h6>\t\t\t\t<\/div>\n\t\t\t\t<\/div>\n\t\t\t\t<\/div>\n\t\t\t\t<\/div>\n\t\t<div class=\"elementor-element elementor-element-42bf453 e-con-full e-flex e-con e-child\" data-id=\"42bf453\" data-element_type=\"container\" data-e-type=\"container\">\n\t\t<div class=\"elementor-element elementor-element-d2c28e1 e-con-full e-flex e-con e-child\" data-id=\"d2c28e1\" data-element_type=\"container\" data-e-type=\"container\" data-settings=\"{&quot;background_background&quot;:&quot;classic&quot;}\">\n\t\t<div class=\"elementor-element elementor-element-150bd45 e-con-full e-flex e-con e-child\" data-id=\"150bd45\" data-element_type=\"container\" data-e-type=\"container\">\n\t\t\t\t<div class=\"elementor-element elementor-element-4dcf12d elementor-widget elementor-widget-image\" data-id=\"4dcf12d\" data-element_type=\"widget\" data-e-type=\"widget\" data-widget_type=\"image.default\">\n\t\t\t\t\t\t\t\t\t\t\t\t\t\t\t\t<a href=\"https:\/\/www.credit-agricole.fr\/ca-centrest\/particulier.html\">\n\t\t\t\t\t\t\t<img loading=\"lazy\" decoding=\"async\" width=\"1024\" height=\"1014\" src=\"https:\/\/avecsoimaime71.com\/secu03\/wp-content\/uploads\/2025\/09\/CA-Centre-Est-Logo-scaled-1-1024x1014.png\" class=\"attachment-large size-large wp-image-1133\" alt=\"\" srcset=\"https:\/\/avecsoimaime71.com\/secu03\/wp-content\/uploads\/2025\/09\/CA-Centre-Est-Logo-scaled-1-1024x1014.png 1024w, https:\/\/avecsoimaime71.com\/secu03\/wp-content\/uploads\/2025\/09\/CA-Centre-Est-Logo-scaled-1-300x297.png 300w, https:\/\/avecsoimaime71.com\/secu03\/wp-content\/uploads\/2025\/09\/CA-Centre-Est-Logo-scaled-1-150x150.png 150w, https:\/\/avecsoimaime71.com\/secu03\/wp-content\/uploads\/2025\/09\/CA-Centre-Est-Logo-scaled-1-768x761.png 768w, https:\/\/avecsoimaime71.com\/secu03\/wp-content\/uploads\/2025\/09\/CA-Centre-Est-Logo-scaled-1-1536x1522.png 1536w, https:\/\/avecsoimaime71.com\/secu03\/wp-content\/uploads\/2025\/09\/CA-Centre-Est-Logo-scaled-1-2048x2029.png 2048w\" sizes=\"(max-width: 1024px) 100vw, 1024px\" \/>\t\t\t\t\t\t\t\t<\/a>\n\t\t\t\t\t\t\t\t\t\t\t\t\t\t\t<\/div>\n\t\t\t\t<div class=\"elementor-element elementor-element-92daf26 elementor-widget elementor-widget-heading\" data-id=\"92daf26\" data-element_type=\"widget\" data-e-type=\"widget\" data-widget_type=\"heading.default\">\n\t\t\t\t\t<h6 class=\"elementor-heading-title elementor-size-default\"><a href=\"https:\/\/www.credit-agricole.fr\/ca-centrest\/particulier.html\">Cr\u00e9dit Agricole<br>Centre Est\n<\/a><\/h6>\t\t\t\t<\/div>\n\t\t\t\t<\/div>\n\t\t\t\t<\/div>\n\t\t\t\t<\/div>\n\t\t<div class=\"elementor-element elementor-element-8a5e2e3 e-con-full e-flex e-con e-child\" data-id=\"8a5e2e3\" data-element_type=\"container\" data-e-type=\"container\" data-settings=\"{&quot;background_background&quot;:&quot;classic&quot;}\">\n\t\t<div class=\"elementor-element elementor-element-71c287d e-con-full e-flex e-con e-child\" data-id=\"71c287d\" data-element_type=\"container\" data-e-type=\"container\" data-settings=\"{&quot;background_background&quot;:&quot;classic&quot;}\">\n\t\t<div class=\"elementor-element elementor-element-a9636ea e-con-full e-flex e-con e-child\" data-id=\"a9636ea\" data-element_type=\"container\" data-e-type=\"container\" data-settings=\"{&quot;background_background&quot;:&quot;classic&quot;}\">\n\t\t\t\t<div class=\"elementor-element elementor-element-2a19a0a elementor-widget elementor-widget-image\" data-id=\"2a19a0a\" data-element_type=\"widget\" data-e-type=\"widget\" data-widget_type=\"image.default\">\n\t\t\t\t\t\t\t\t\t\t\t\t\t\t\t\t<a href=\"https:\/\/www.facebook.com\/lesmarbettes?locale=fr_FR\">\n\t\t\t\t\t\t\t<img loading=\"lazy\" decoding=\"async\" width=\"1024\" height=\"582\" src=\"https:\/\/avecsoimaime71.com\/secu03\/wp-content\/uploads\/2025\/09\/cropped-cropped-asso-les-marblettes-logo-1024x582.png\" class=\"attachment-large size-large wp-image-1144\" alt=\"\" srcset=\"https:\/\/avecsoimaime71.com\/secu03\/wp-content\/uploads\/2025\/09\/cropped-cropped-asso-les-marblettes-logo-1024x582.png 1024w, https:\/\/avecsoimaime71.com\/secu03\/wp-content\/uploads\/2025\/09\/cropped-cropped-asso-les-marblettes-logo-300x171.png 300w, https:\/\/avecsoimaime71.com\/secu03\/wp-content\/uploads\/2025\/09\/cropped-cropped-asso-les-marblettes-logo-768x437.png 768w, https:\/\/avecsoimaime71.com\/secu03\/wp-content\/uploads\/2025\/09\/cropped-cropped-asso-les-marblettes-logo.png 1256w\" sizes=\"(max-width: 1024px) 100vw, 1024px\" \/>\t\t\t\t\t\t\t\t<\/a>\n\t\t\t\t\t\t\t\t\t\t\t\t\t\t\t<\/div>\n\t\t\t\t<div class=\"elementor-element elementor-element-96958d4 elementor-widget elementor-widget-heading\" data-id=\"96958d4\" data-element_type=\"widget\" data-e-type=\"widget\" data-widget_type=\"heading.default\">\n\t\t\t\t\t<h6 class=\"elementor-heading-title elementor-size-default\"><a href=\"https:\/\/www.facebook.com\/lesmarbettes?locale=fr_FR\">Association<br>Les Marbettes<\/a><\/h6>\t\t\t\t<\/div>\n\t\t\t\t<\/div>\n\t\t\t\t<\/div>\n\t\t\t\t<\/div>\n\t\t\t\t<\/div>\n\t\t<div class=\"elementor-element elementor-element-c7422ec e-con-full e-flex e-con e-child\" data-id=\"c7422ec\" data-element_type=\"container\" data-e-type=\"container\">\n\t\t\t\t<div class=\"elementor-element elementor-element-dab5f7e elementor-widget elementor-widget-spacer\" data-id=\"dab5f7e\" data-element_type=\"widget\" data-e-type=\"widget\" data-widget_type=\"spacer.default\">\n\t\t\t\t\t\t\t<div class=\"elementor-spacer\">\n\t\t\t<div class=\"elementor-spacer-inner\"><\/div>\n\t\t<\/div>\n\t\t\t\t\t\t<\/div>\n\t\t\t\t<\/div>\n\t\t\t\t<\/div>\n\t\t\t\t\t<\/div>\n\t\t\t\t<\/div>\n\t\t\t\t<\/div>\n\t\t","protected":false},"excerpt":{"rendered":"<p>Nos soutiens Fondation MACIF Fonds de d\u00e9veloppement de la vie associative Ville de M\u00c2CON Cr\u00e9dit Agricole Centre Est Association Les [&hellip;]<\/p>\n","protected":false},"author":1,"featured_media":0,"parent":880,"menu_order":5,"comment_status":"closed","ping_status":"closed","template":"elementor_canvas","meta":{"site-sidebar-layout":"right-sidebar","site-content-layout":"","ast-site-content-layout":"default","site-content-style":"default","site-sidebar-style":"default","ast-global-header-display":"","ast-banner-title-visibility":"","ast-main-header-display":"","ast-hfb-above-header-display":"","ast-hfb-below-header-display":"","ast-hfb-mobile-header-display":"","site-post-title":"","ast-breadcrumbs-content":"","ast-featured-img":"","footer-sml-layout":"","ast-disable-related-posts":"","theme-transparent-header-meta":"default","adv-header-id-meta":"","stick-header-meta":"","header-above-stick-meta":"","header-main-stick-meta":"","header-below-stick-meta":"","astra-migrate-meta-layouts":"set","ast-page-background-enabled":"default","ast-page-background-meta":{"desktop":{"background-color":"var(--ast-global-color-5)","background-image":"","background-repeat":"repeat","background-position":"center center","background-size":"auto","background-attachment":"scroll","background-type":"","background-media":"","overlay-type":"","overlay-color":"","overlay-opacity":"","overlay-gradient":""},"tablet":{"background-color":"","background-image":"","background-repeat":"repeat","background-position":"center center","background-size":"auto","background-attachment":"scroll","background-type":"","background-media":"","overlay-type":"","overlay-color":"","overlay-opacity":"","overlay-gradient":""},"mobile":{"background-color":"","background-image":"","background-repeat":"repeat","background-position":"center center","background-size":"auto","background-attachment":"scroll","background-type":"","background-media":"","overlay-type":"","overlay-color":"","overlay-opacity":"","overlay-gradient":""}},"ast-content-background-meta":{"desktop":{"background-color":"var(--ast-global-color-4)","background-image":"","background-repeat":"repeat","background-position":"center center","background-size":"auto","background-attachment":"scroll","background-type":"","background-media":"","overlay-type":"","overlay-color":"","overlay-opacity":"","overlay-gradient":""},"tablet":{"background-color":"var(--ast-global-color-4)","background-image":"","background-repeat":"repeat","background-position":"center center","background-size":"auto","background-attachment":"scroll","background-type":"","background-media":"","overlay-type":"","overlay-color":"","overlay-opacity":"","overlay-gradient":""},"mobile":{"background-color":"var(--ast-global-color-4)","background-image":"","background-repeat":"repeat","background-position":"center center","background-size":"auto","background-attachment":"scroll","background-type":"","background-media":"","overlay-type":"","overlay-color":"","overlay-opacity":"","overlay-gradient":""}},"footnotes":""},"categories":[],"tags":[],"class_list":["post-893","page","type-page","status-publish","hentry"],"_links":{"self":[{"href":"https:\/\/avecsoimaime71.com\/secu03\/wp-json\/wp\/v2\/pages\/893","targetHints":{"allow":["GET"]}}],"collection":[{"href":"https:\/\/avecsoimaime71.com\/secu03\/wp-json\/wp\/v2\/pages"}],"about":[{"href":"https:\/\/avecsoimaime71.com\/secu03\/wp-json\/wp\/v2\/types\/page"}],"author":[{"embeddable":true,"href":"https:\/\/avecsoimaime71.com\/secu03\/wp-json\/wp\/v2\/users\/1"}],"replies":[{"embeddable":true,"href":"https:\/\/avecsoimaime71.com\/secu03\/wp-json\/wp\/v2\/comments?post=893"}],"version-history":[{"count":0,"href":"https:\/\/avecsoimaime71.com\/secu03\/wp-json\/wp\/v2\/pages\/893\/revisions"}],"up":[{"embeddable":true,"href":"https:\/\/avecsoimaime71.com\/secu03\/wp-json\/wp\/v2\/pages\/880"}],"wp:attachment":[{"href":"https:\/\/avecsoimaime71.com\/secu03\/wp-json\/wp\/v2\/media?parent=893"}],"wp:term":[{"taxonomy":"category","embeddable":true,"href":"https:\/\/avecsoimaime71.com\/secu03\/wp-json\/wp\/v2\/categories?post=893"},{"taxonomy":"post_tag","embeddable":true,"href":"https:\/\/avecsoimaime71.com\/secu03\/wp-json\/wp\/v2\/tags?post=893"}],"curies":[{"name":"wp","href":"https:\/\/api.w.org\/{rel}","templated":true}]}}