{"id":879,"date":"2025-08-08T10:23:34","date_gmt":"2025-08-08T08:23:34","guid":{"rendered":"https:\/\/mboudry.fr\/ASAIME\/?page_id=347"},"modified":"2026-01-24T09:53:41","modified_gmt":"2026-01-24T08:53:41","slug":"nos-actions","status":"publish","type":"page","link":"https:\/\/avecsoimaime71.com\/site\/nos-actions\/","title":{"rendered":"Nos Actions"},"content":{"rendered":"\t\t<div data-elementor-type=\"wp-page\" data-elementor-id=\"879\" class=\"elementor elementor-879\">\n\t\t\t\t<div class=\"elementor-element elementor-element-8005e6e e-flex e-con-boxed e-con e-parent\" data-id=\"8005e6e\" data-element_type=\"container\" data-e-type=\"container\">\n\t\t\t\t\t<div class=\"e-con-inner\">\n\t\t\t\t<div class=\"elementor-element elementor-element-07d387a elementor-widget elementor-widget-text-editor\" data-id=\"07d387a\" data-element_type=\"widget\" data-e-type=\"widget\" data-widget_type=\"text-editor.default\">\n\t\t\t\t\t\t\t\t\t<p class=\"ndfHFb-c4YZDc-fmcmS-DARUcf\">Depuis 2021, nous accompagnons les familles au travers de diff\u00e9rentes initiatives : Rencontres avec les familles, instants partag\u00e9s, m\u00e9diation par l\u2019animal, temps de r\u00e9pit, participation au salon \u201cFamilles en Folies\u201d<\/p>\t\t\t\t\t\t\t\t<\/div>\n\t\t\t\t<div class=\"elementor-element elementor-element-9d15089 elementor-widget elementor-widget-text-editor\" data-id=\"9d15089\" data-element_type=\"widget\" data-e-type=\"widget\" data-widget_type=\"text-editor.default\">\n\t\t\t\t\t\t\t\t\t<ul><li><h3><a href=\"https:\/\/avecsoimaime71.com\/site\/bien-etre\/\">Bien-\u00catre<\/a><\/h3><ul><li><h3><a href=\"https:\/\/avecsoimaime71.com\/site\/ateliers-bien-etre\/massage\/\">Massage<\/a><\/h3><\/li><li><h3><a href=\"https:\/\/avecsoimaime71.com\/site\/ateliers-bien-etre\/neurofeedback\/\">Neurofeedback<\/a><\/h3><\/li><li><h3><a href=\"https:\/\/avecsoimaime71.com\/site\/ateliers-bien-etre\/shiatsu\/\">Shiatsu<\/a><\/h3><\/li><li><h3><a href=\"https:\/\/avecsoimaime71.com\/site\/ateliers-bien-etre\/reflexometrie-plantaire\/\">R\u00e9flexom\u00e9trie plantaire<\/a><\/h3><\/li><li><h3><a href=\"https:\/\/avecsoimaime71.com\/site\/ateliers-bien-etre\/fasciatherapie\/\">Fasciath\u00e9rapie<\/a><\/h3><\/li><li><h3><a href=\"https:\/\/avecsoimaime71.com\/site\/ateliers-bien-etre\/massage-hama-assis\/\">Massage hama assis<\/a><\/h3><\/li><\/ul><\/li><li><h3><a href=\"https:\/\/avecsoimaime71.com\/site\/nos-actions\/ecoute\/\">\u00c9coute<\/a><\/h3><ul><li><h3><a href=\"https:\/\/avecsoimaime71.com\/site\/nos-actions\/ecoute\/kfe-blabla\/\">Kf\u00e9 blabla<\/a><\/h3><\/li><li><h3><a href=\"https:\/\/avecsoimaime71.com\/site\/nos-actions\/ecoute\/instants-partages\/\">Instants partag\u00e9s<\/a><\/h3><\/li><li><h3><a href=\"https:\/\/avecsoimaime71.com\/site\/nos-actions\/ecoute\/week-end-repits\/\">Week End R\u00e9pits<\/a><\/h3><\/li><\/ul><\/li><li><h3><a href=\"https:\/\/avecsoimaime71.com\/site\/nos-actions\/accompagnement\/\">Accompagnement<\/a><\/h3><ul><li><h3><a href=\"https:\/\/avecsoimaime71.com\/site\/accompagnement\/aide-a-la-gestion-administrative\/\">Aide \u00e0 la gestion administrative<\/a><\/h3><\/li><li><h3><a href=\"https:\/\/avecsoimaime71.com\/site\/nos-actions\/accompagnement\/accompagnement-a-la-parentalite-accompagnement\/\">Accompagnement \u00e0\u00a0 la parentalit\u00e9\u00a0 (Accompagnement)<\/a><\/h3><\/li><li><h3><a href=\"https:\/\/avecsoimaime71.com\/site\/nos-actions\/accompagnement\/accueil-personalise\/\">Accueil personnalis\u00e9<\/a><\/h3><\/li><li><h3><a href=\"https:\/\/avecsoimaime71.com\/site\/accompagnement\/permanence-telephonique\/\">Permanence t\u00e9l\u00e9phonique<\/a><\/h3><\/li><\/ul><\/li><li><h3><a href=\"https:\/\/avecsoimaime71.com\/site\/nos-actions\/parentalite\/\">Parentalit\u00e9<\/a><\/h3><ul><li><h3><a href=\"https:\/\/avecsoimaime71.com\/site\/nos-actions\/parentalite\/visite-et-soutien-a-domicile\/\">Visite de soutien \u00e0 domicile<\/a><\/h3><\/li><li><h3><a href=\"https:\/\/avecsoimaime71.com\/site\/nos-actions\/parentalite\/accompagnement-a-la-parentalite-parentalite\/\">Accompagnement \u00e0 la parentalit\u00e9 (Parentalit\u00e9)<\/a><\/h3><\/li><li><h3><a href=\"https:\/\/avecsoimaime71.com\/site\/nos-actions\/parentalite\/ateliers-ludiques-parents-enfants\/\">Ateliers ludiques parents \/ enfants<\/a><\/h3><\/li><li><h3><a href=\"https:\/\/avecsoimaime71.com\/site\/parentalite\/ateliers-parents-enfants\/\">Ateliers parents \/ enfants<\/a><\/h3><\/li><li><h3><a href=\"https:\/\/avecsoimaime71.com\/site\/parentalite\/inclusion-en-milieu-ordinaire\/\">Inclusion en milieu ordinaire<\/a><\/h3><\/li><\/ul><\/li><li><h3><a href=\"https:\/\/avecsoimaime71.com\/site\/nos-actions\/sensibilisation\/\">Sensibilisation<\/a><\/h3><ul><li><h3><a href=\"https:\/\/avecsoimaime71.com\/site\/nos-actions\/sensibilisation\/journee-de-sensibilisation-au-repit\/\">Journ\u00e9e de sensibilisation au r\u00e9pit<\/a><\/h3><\/li><li><h3><a href=\"https:\/\/avecsoimaime71.com\/site\/nos-actions\/sensibilisation\/journees-de-sensibilisation-au-role-daidant\/\">Journ\u00e9es de sensibilisation au r\u00f4les d&rsquo;aidant<\/a><\/h3><\/li><li><h3><a href=\"https:\/\/avecsoimaime71.com\/site\/nos-actions\/sensibilisation\/portes-ouvertes-de-lassociation\/\">Portes ouvertes de l&rsquo;association<\/a><\/h3><\/li><\/ul><\/li><li><h3><a href=\"https:\/\/avecsoimaime71.com\/site\/nos-actions\/formation\/\">Formation<\/a><\/h3><ul><li><h3><a href=\"https:\/\/avecsoimaime71.com\/site\/formation\/pour-les-familles\/\">Pour les familles<\/a><\/h3><\/li><li><h3><a href=\"https:\/\/avecsoimaime71.com\/site\/formation\/pour-les-professionnels\/\">Pour les professionnels<\/a><\/h3><\/li><li><h3><a href=\"https:\/\/avecsoimaime71.com\/site\/formation\/pour-les-entreprises\/\">Pour les entreprises<\/a><\/h3><\/li><\/ul><\/li><\/ul>\t\t\t\t\t\t\t\t<\/div>\n\t\t\t\t<div class=\"elementor-element elementor-element-1b741d0 elementor-widget elementor-widget-spacer\" data-id=\"1b741d0\" data-element_type=\"widget\" data-e-type=\"widget\" data-widget_type=\"spacer.default\">\n\t\t\t\t\t\t\t<div class=\"elementor-spacer\">\n\t\t\t<div class=\"elementor-spacer-inner\"><\/div>\n\t\t<\/div>\n\t\t\t\t\t\t<\/div>\n\t\t\t\t\t<\/div>\n\t\t\t\t<\/div>\n\t\t\t\t<\/div>\n\t\t","protected":false},"excerpt":{"rendered":"<p>Depuis 2021, nous accompagnons les familles au travers de diff\u00e9rentes initiatives : Rencontres avec les familles, instants partag\u00e9s, m\u00e9diation par [&hellip;]<\/p>\n","protected":false},"author":1,"featured_media":0,"parent":0,"menu_order":5,"comment_status":"closed","ping_status":"closed","template":"","meta":{"site-sidebar-layout":"right-sidebar","site-content-layout":"","ast-site-content-layout":"default","site-content-style":"default","site-sidebar-style":"default","ast-global-header-display":"","ast-banner-title-visibility":"","ast-main-header-display":"","ast-hfb-above-header-display":"","ast-hfb-below-header-display":"","ast-hfb-mobile-header-display":"","site-post-title":"","ast-breadcrumbs-content":"","ast-featured-img":"","footer-sml-layout":"","ast-disable-related-posts":"","theme-transparent-header-meta":"default","adv-header-id-meta":"","stick-header-meta":"","header-above-stick-meta":"","header-main-stick-meta":"","header-below-stick-meta":"","astra-migrate-meta-layouts":"set","ast-page-background-enabled":"default","ast-page-background-meta":{"desktop":{"background-color":"var(--ast-global-color-5)","background-image":"","background-repeat":"repeat","background-position":"center center","background-size":"auto","background-attachment":"scroll","background-type":"","background-media":"","overlay-type":"","overlay-color":"","overlay-opacity":"","overlay-gradient":""},"tablet":{"background-color":"","background-image":"","background-repeat":"repeat","background-position":"center center","background-size":"auto","background-attachment":"scroll","background-type":"","background-media":"","overlay-type":"","overlay-color":"","overlay-opacity":"","overlay-gradient":""},"mobile":{"background-color":"","background-image":"","background-repeat":"repeat","background-position":"center center","background-size":"auto","background-attachment":"scroll","background-type":"","background-media":"","overlay-type":"","overlay-color":"","overlay-opacity":"","overlay-gradient":""}},"ast-content-background-meta":{"desktop":{"background-color":"var(--ast-global-color-4)","background-image":"","background-repeat":"repeat","background-position":"center center","background-size":"auto","background-attachment":"scroll","background-type":"","background-media":"","overlay-type":"","overlay-color":"","overlay-opacity":"","overlay-gradient":""},"tablet":{"background-color":"var(--ast-global-color-4)","background-image":"","background-repeat":"repeat","background-position":"center center","background-size":"auto","background-attachment":"scroll","background-type":"","background-media":"","overlay-type":"","overlay-color":"","overlay-opacity":"","overlay-gradient":""},"mobile":{"background-color":"var(--ast-global-color-4)","background-image":"","background-repeat":"repeat","background-position":"center center","background-size":"auto","background-attachment":"scroll","background-type":"","background-media":"","overlay-type":"","overlay-color":"","overlay-opacity":"","overlay-gradient":""}},"footnotes":""},"categories":[],"tags":[],"class_list":["post-879","page","type-page","status-publish","hentry"],"_links":{"self":[{"href":"https:\/\/avecsoimaime71.com\/site\/wp-json\/wp\/v2\/pages\/879","targetHints":{"allow":["GET"]}}],"collection":[{"href":"https:\/\/avecsoimaime71.com\/site\/wp-json\/wp\/v2\/pages"}],"about":[{"href":"https:\/\/avecsoimaime71.com\/site\/wp-json\/wp\/v2\/types\/page"}],"author":[{"embeddable":true,"href":"https:\/\/avecsoimaime71.com\/site\/wp-json\/wp\/v2\/users\/1"}],"replies":[{"embeddable":true,"href":"https:\/\/avecsoimaime71.com\/site\/wp-json\/wp\/v2\/comments?post=879"}],"version-history":[{"count":2,"href":"https:\/\/avecsoimaime71.com\/site\/wp-json\/wp\/v2\/pages\/879\/revisions"}],"predecessor-version":[{"id":7932,"href":"https:\/\/avecsoimaime71.com\/site\/wp-json\/wp\/v2\/pages\/879\/revisions\/7932"}],"wp:attachment":[{"href":"https:\/\/avecsoimaime71.com\/site\/wp-json\/wp\/v2\/media?parent=879"}],"wp:term":[{"taxonomy":"category","embeddable":true,"href":"https:\/\/avecsoimaime71.com\/site\/wp-json\/wp\/v2\/categories?post=879"},{"taxonomy":"post_tag","embeddable":true,"href":"https:\/\/avecsoimaime71.com\/site\/wp-json\/wp\/v2\/tags?post=879"}],"curies":[{"name":"wp","href":"https:\/\/api.w.org\/{rel}","templated":true}]}}

<div data-elementor-type="wp-page" data-elementor-id="879" class="elementor elementor-879">
				<div class="elementor-element elementor-element-8005e6e e-flex e-con-boxed e-con e-parent" data-id="8005e6e" data-element_type="container" data-e-type="container">
					<div class="e-con-inner">
				<div class="elementor-element elementor-element-07d387a elementor-widget elementor-widget-text-editor" data-id="07d387a" data-element_type="widget" data-e-type="widget" data-widget_type="text-editor.default">
									<p class="ndfHFb-c4YZDc-fmcmS-DARUcf">Depuis 2021, nous accompagnons les familles au travers de différentes initiatives : Rencontres avec les familles, instants partagés, médiation par l’animal, temps de répit, participation au salon “Familles en Folies”</p>								</div>
				<div class="elementor-element elementor-element-9d15089 elementor-widget elementor-widget-text-editor" data-id="9d15089" data-element_type="widget" data-e-type="widget" data-widget_type="text-editor.default">
									<ul><li><h3><a href="https://avecsoimaime71.com/site/bien-etre/">Bien-Être</a></h3><ul><li><h3><a href="https://avecsoimaime71.com/site/ateliers-bien-etre/massage/">Massage</a></h3></li><li><h3><a href="https://avecsoimaime71.com/site/ateliers-bien-etre/neurofeedback/">Neurofeedback</a></h3></li><li><h3><a href="https://avecsoimaime71.com/site/ateliers-bien-etre/shiatsu/">Shiatsu</a></h3></li><li><h3><a href="https://avecsoimaime71.com/site/ateliers-bien-etre/reflexometrie-plantaire/">Réflexométrie plantaire</a></h3></li><li><h3><a href="https://avecsoimaime71.com/site/ateliers-bien-etre/fasciatherapie/">Fasciathérapie</a></h3></li><li><h3><a href="https://avecsoimaime71.com/site/ateliers-bien-etre/massage-hama-assis/">Massage hama assis</a></h3></li></ul></li><li><h3><a href="https://avecsoimaime71.com/site/nos-actions/ecoute/">Écoute</a></h3><ul><li><h3><a href="https://avecsoimaime71.com/site/nos-actions/ecoute/kfe-blabla/">Kfé blabla</a></h3></li><li><h3><a href="https://avecsoimaime71.com/site/nos-actions/ecoute/instants-partages/">Instants partagés</a></h3></li><li><h3><a href="https://avecsoimaime71.com/site/nos-actions/ecoute/week-end-repits/">Week End Répits</a></h3></li></ul></li><li><h3><a href="https://avecsoimaime71.com/site/nos-actions/accompagnement/">Accompagnement</a></h3><ul><li><h3><a href="https://avecsoimaime71.com/site/accompagnement/aide-a-la-gestion-administrative/">Aide à la gestion administrative</a></h3></li><li><h3><a href="https://avecsoimaime71.com/site/nos-actions/accompagnement/accompagnement-a-la-parentalite-accompagnement/">Accompagnement à  la parentalité  (Accompagnement)</a></h3></li><li><h3><a href="https://avecsoimaime71.com/site/nos-actions/accompagnement/accueil-personalise/">Accueil personnalisé</a></h3></li><li><h3><a href="https://avecsoimaime71.com/site/accompagnement/permanence-telephonique/">Permanence téléphonique</a></h3></li></ul></li><li><h3><a href="https://avecsoimaime71.com/site/nos-actions/parentalite/">Parentalité</a></h3><ul><li><h3><a href="https://avecsoimaime71.com/site/nos-actions/parentalite/visite-et-soutien-a-domicile/">Visite de soutien à domicile</a></h3></li><li><h3><a href="https://avecsoimaime71.com/site/nos-actions/parentalite/accompagnement-a-la-parentalite-parentalite/">Accompagnement à la parentalité (Parentalité)</a></h3></li><li><h3><a href="https://avecsoimaime71.com/site/nos-actions/parentalite/ateliers-ludiques-parents-enfants/">Ateliers ludiques parents / enfants</a></h3></li><li><h3><a href="https://avecsoimaime71.com/site/parentalite/ateliers-parents-enfants/">Ateliers parents / enfants</a></h3></li><li><h3><a href="https://avecsoimaime71.com/site/parentalite/inclusion-en-milieu-ordinaire/">Inclusion en milieu ordinaire</a></h3></li></ul></li><li><h3><a href="https://avecsoimaime71.com/site/nos-actions/sensibilisation/">Sensibilisation</a></h3><ul><li><h3><a href="https://avecsoimaime71.com/site/nos-actions/sensibilisation/journee-de-sensibilisation-au-repit/">Journée de sensibilisation au répit</a></h3></li><li><h3><a href="https://avecsoimaime71.com/site/nos-actions/sensibilisation/journees-de-sensibilisation-au-role-daidant/">Journées de sensibilisation au rôles d&rsquo;aidant</a></h3></li><li><h3><a href="https://avecsoimaime71.com/site/nos-actions/sensibilisation/portes-ouvertes-de-lassociation/">Portes ouvertes de l&rsquo;association</a></h3></li></ul></li><li><h3><a href="https://avecsoimaime71.com/site/nos-actions/formation/">Formation</a></h3><ul><li><h3><a href="https://avecsoimaime71.com/site/formation/pour-les-familles/">Pour les familles</a></h3></li><li><h3><a href="https://avecsoimaime71.com/site/formation/pour-les-professionnels/">Pour les professionnels</a></h3></li><li><h3><a href="https://avecsoimaime71.com/site/formation/pour-les-entreprises/">Pour les entreprises</a></h3></li></ul></li></ul>								</div>
				<div class="elementor-element elementor-element-1b741d0 elementor-widget elementor-widget-spacer" data-id="1b741d0" data-element_type="widget" data-e-type="widget" data-widget_type="spacer.default">
							<div class="elementor-spacer">
			<div class="elementor-spacer-inner"></div>
		</div>
						</div>
					</div>
				</div>
				</div>

<p>Depuis 2021, nous accompagnons les familles au travers de différentes initiatives : Rencontres avec les familles, instants partagés, médiation par [&hellip;]</p>
